{"id":2,"date":"2009-10-28T17:22:26","date_gmt":"2009-10-28T15:22:26","guid":{"rendered":"http:\/\/vukk.lt\/?page_id=2"},"modified":"2011-08-28T21:45:32","modified_gmt":"2011-08-28T19:45:32","slug":"apie","status":"publish","type":"page","link":"https:\/\/vukk.lt\/?page_id=2","title":{"rendered":"Kendo"},"content":{"rendered":"<p>Kendo \u2013 japon\u0173 kardo menas \u2013 u\u017e tekan\u010dios saul\u0117s \u0161alies rib\u0173 \u017einomas kaip japoni\u0161kas fechtavimas. Pats \u017eodis \u201ekendo\u201c ra\u0161omas dviem hieroglifais ir japoni\u0161kai rei\u0161kia \u201ekardo kelias\u201c. \u0160iuolaikinio kendo \u0161aknys gl\u016bdi senosiose japoni\u0161ko kardo valdymo mokyklose.<\/p>\n<p>Japonijoje kendo labai populiarus. \u0160iuo metu \u010dia yra keli milijonai kendo entuziast\u0173. Vaikai po pamok\u0173, o suaugusieji \u2013 laisvomis dienomis, renkasi treniruotis \u012f \u201edojo\u201c vadinamas kendo sales. U\u017esi\u0117mim\u0173 metu daromi \u012fvair\u016bs pratimai, mokomasi pagrindini\u0173 kir\u010di\u0173 ir kitoki\u0173 kardo valdymo technik\u0173.<\/p>\n<p>Dalintis kardo valdymo \u012fg\u016bd\u017eiais bei patirtimi rengiami\u00a0 seminarai, kuriuos veda auk\u0161to lygio meistrai. \u012e tokius seminarus, vykstan\u010dius visame pasaulyje, suva\u017eiuoja \u0161imtai dalyvi\u0173. Kelion\u0117je \u201ekendo keliu\u201c labai svarbu noriai priimti kit\u0173 pastabas bei patarimus. Kiekvieno kendoka (japon\u0173 kalba \u201etas kuris praktikuoja kendo\u201c) tikslas yra suvokti savo silpn\u0105sias puses ir atsikratyti j\u0173 nuolatin\u0117s praktikos ir treniruo\u010di\u0173 metu.<\/p>\n<p>Seminar\u0173 metu, ar atskirai, rengiamos \u012fvairios kendo var\u017eybos bei \u010dempionatai. Japonijoje tokios var\u017eybos itin populiarios, daugel\u012f j\u0173 transliuoja televizija. \u017di\u016brovai stebi kovas arenose ar per televizij\u0105 bei palaiko savo kovotojus.<\/p>\n<p>Kendo pasi\u017eymi didele puolimo ir gynybos technik\u0173 \u012fvairove. Daugelis manevr\u0173 atliekami energingais viso k\u016bno judesiais, tod\u0117l tai yra toks \u012fsp\u016bdingas ir \u012fdomus kovos menas.<\/p>\n<p><img loading=\"lazy\" decoding=\"async\" style=\"border: 2px solid black; margin: 10px;\" title=\"Seminar-ken1\" src=\"..\/wp-content\/uploads\/2010\/02\/Seminar-ken1-300x226.png\" alt=\"\" width=\"270\" height=\"200\" \/><img loading=\"lazy\" decoding=\"async\" style=\"border: 2px solid black; margin: 10px;\" title=\"AJKC\" src=\"..\/wp-content\/uploads\/2010\/02\/AJKC-300x201.png\" alt=\"\" width=\"300\" height=\"200\" \/><\/p>\n","protected":false},"excerpt":{"rendered":"<p class=\"post-excerpt\">Kendo \u2013 japon\u0173 kardo menas \u2013 u\u017e tekan\u010dios saul\u0117s \u0161alies rib\u0173 \u017einomas kaip japoni\u0161kas fechtavimas. Pats \u017eodis \u201ekendo\u201c ra\u0161omas dviem&#8230;<\/p>\n","protected":false},"author":6,"featured_media":0,"parent":0,"menu_order":3,"comment_status":"closed","ping_status":"closed","template":"","meta":{"footnotes":""},"_links":{"self":[{"href":"https:\/\/vukk.lt\/index.php?rest_route=\/wp\/v2\/pages\/2"}],"collection":[{"href":"https:\/\/vukk.lt\/index.php?rest_route=\/wp\/v2\/pages"}],"about":[{"href":"https:\/\/vukk.lt\/index.php?rest_route=\/wp\/v2\/types\/page"}],"author":[{"embeddable":true,"href":"https:\/\/vukk.lt\/index.php?rest_route=\/wp\/v2\/users\/6"}],"replies":[{"embeddable":true,"href":"https:\/\/vukk.lt\/index.php?rest_route=%2Fwp%2Fv2%2Fcomments&post=2"}],"version-history":[{"count":10,"href":"https:\/\/vukk.lt\/index.php?rest_route=\/wp\/v2\/pages\/2\/revisions"}],"predecessor-version":[{"id":334,"href":"https:\/\/vukk.lt\/index.php?rest_route=\/wp\/v2\/pages\/2\/revisions\/334"}],"wp:attachment":[{"href":"https:\/\/vukk.lt\/index.php?rest_route=%2Fwp%2Fv2%2Fmedia&parent=2"}],"curies":[{"name":"wp","href":"https:\/\/api.w.org\/{rel}","templated":true}]}}